{"id":10161,"date":"2014-11-07T18:56:39","date_gmt":"2014-11-07T17:56:39","guid":{"rendered":"http:\/\/blogs.diariosur.es\/tormentas-y-rayos\/wp-content\/uploads\/sites\/12\/2014\/11\/tio\u00f1i-o\u00f1a.jpg"},"modified":"2014-11-07T18:56:39","modified_gmt":"2014-11-07T17:56:39","slug":"tioni-ona","status":"inherit","type":"attachment","link":"https:\/\/blogs.diariosur.es\/tormentas-y-rayos\/2014\/11\/08\/prevision-del-tiempo-andalucia-un-frente-afectara-esta-tarde-noche-y-madrugada-del-domingo-bajan-de-nuevo-las-maximas-y-minimas\/tioni-ona\/","title":{"rendered":"tio\u00f1i o\u00f1a"},"author":16,"comment_status":"open","ping_status":"open","template":"","meta":[],"description":{"rendered":"<p class=\"attachment\"><a href=\"https:\/\/static-blogs.diariosur.es\/wp-content\/uploads\/sites\/12\/2014\/11\/tio\u00f1i-o\u00f1a.jpg\"><img width=\"300\" height=\"400\" src=\"https:\/\/static-blogs.diariosur.es\/wp-content\/uploads\/sites\/12\/2014\/11\/tio\u00f1i-o\u00f1a-300x400.jpg\" class=\"attachment-medium size-medium\" alt=\"\" loading=\"lazy\" srcset=\"https:\/\/static-blogs.diariosur.es\/wp-content\/uploads\/sites\/12\/2014\/11\/tio\u00f1i-o\u00f1a-300x400.jpg 300w, https:\/\/static-blogs.diariosur.es\/wp-content\/uploads\/sites\/12\/2014\/11\/tio\u00f1i-o\u00f1a.jpg 460w\" sizes=\"(max-width: 300px) 100vw, 300px\" \/><\/a><\/p>\n"},"caption":{"rendered":""},"alt_text":"","media_type":"image","mime_type":"image\/jpeg","media_details":{"width":460,"height":613,"file":"2014\/11\/tio\u00f1i-o\u00f1a.jpg","sizes":{"thumbnail":{"file":"tio\u00f1i-o\u00f1a-150x150.jpg","width":150,"height":150,"mime_type":"image\/jpeg","source_url":"https:\/\/blogs.diariosur.es\/tormentas-y-rayos\/wp-content\/uploads\/sites\/12\/2014\/11\/tio\u00f1i-o\u00f1a-150x150.jpg"},"medium":{"file":"tio\u00f1i-o\u00f1a-300x400.jpg","width":300,"height":400,"mime_type":"image\/jpeg","source_url":"https:\/\/blogs.diariosur.es\/tormentas-y-rayos\/wp-content\/uploads\/sites\/12\/2014\/11\/tio\u00f1i-o\u00f1a-300x400.jpg"},"large":{"file":"tio\u00f1i-o\u00f1a-300x400.jpg","width":300,"height":400,"mime_type":"image\/jpeg","source_url":"https:\/\/blogs.diariosur.es\/tormentas-y-rayos\/wp-content\/uploads\/sites\/12\/2014\/11\/tio\u00f1i-o\u00f1a-300x400.jpg"},"full":{"file":"tio\u00f1i-o\u00f1a.jpg","width":460,"height":613,"mime_type":"image\/jpeg","source_url":"https:\/\/blogs.diariosur.es\/tormentas-y-rayos\/wp-content\/uploads\/sites\/12\/2014\/11\/tio\u00f1i-o\u00f1a.jpg"}},"image_meta":{"aperture":"0","credit":"","camera":"","caption":"","created_timestamp":"0","copyright":"","focal_length":"0","iso":"0","shutter_speed":"0","title":"","orientation":"1","keywords":[]}},"post":10156,"source_url":"https:\/\/blogs.diariosur.es\/tormentas-y-rayos\/wp-content\/uploads\/sites\/12\/2014\/11\/tio\u00f1i-o\u00f1a.jpg","_links":{"self":[{"href":"https:\/\/blogs.diariosur.es\/tormentas-y-rayos\/wp-json\/wp\/v2\/media\/10161"}],"collection":[{"href":"https:\/\/blogs.diariosur.es\/tormentas-y-rayos\/wp-json\/wp\/v2\/media"}],"about":[{"href":"https:\/\/blogs.diariosur.es\/tormentas-y-rayos\/wp-json\/wp\/v2\/types\/attachment"}],"author":[{"embeddable":true,"href":"https:\/\/blogs.diariosur.es\/tormentas-y-rayos\/wp-json\/wp\/v2\/users\/16"}],"replies":[{"embeddable":true,"href":"https:\/\/blogs.diariosur.es\/tormentas-y-rayos\/wp-json\/wp\/v2\/comments?post=10161"}]}}

http://blogs.diariosur.es/tormentas-y-rayos/wp-content/uploads/sites/12/2014/11/tioñi-oña.jpg

tioñi oña

<p class="attachment"><a href="https://static-blogs.diariosur.es/wp-content/uploads/sites/12/2014/11/tioñi-oña.jpg"><img width="300" height="400" src="https://static-blogs.diariosur.es/wp-content/uploads/sites/12/2014/11/tioñi-oña-300x400.jpg" class="attachment-medium size-medium" alt="" loading="lazy" srcset="https://static-blogs.diariosur.es/wp-content/uploads/sites/12/2014/11/tioñi-oña-300x400.jpg 300w, https://static-blogs.diariosur.es/wp-content/uploads/sites/12/2014/11/tioñi-oña.jpg 460w" sizes="(max-width: 300px) 100vw, 300px" /></a></p>

2014/11/tioñi-oña.jpg

tioñi-oña-150x150.jpg

https://blogs.diariosur.es/tormentas-y-rayos/wp-content/uploads/sites/12/2014/11/tioñi-oña-150x150.jpg

tioñi-oña-300x400.jpg

https://blogs.diariosur.es/tormentas-y-rayos/wp-content/uploads/sites/12/2014/11/tioñi-oña-300x400.jpg

tioñi-oña.jpg

https://blogs.diariosur.es/tormentas-y-rayos/wp-content/uploads/sites/12/2014/11/tioñi-oña.jpg
