{"id":8578,"date":"2014-05-23T14:38:25","date_gmt":"2014-05-23T12:38:25","guid":{"rendered":"http:\/\/blogs.diariosur.es\/tormentas-y-rayos\/wp-content\/uploads\/sites\/12\/2014\/05\/2014-05-22.Entre-Nubes-arranc\u00f3-el-d\u00eda-de-Mi-cumple-en-M\u00e1laga-161.jpg"},"modified":"2014-05-23T14:38:25","modified_gmt":"2014-05-23T12:38:25","slug":"o-2","status":"inherit","type":"attachment","link":"https:\/\/blogs.diariosur.es\/tormentas-y-rayos\/2014\/05\/23\/prevision-del-tiempo-final-champions-league-2014-lisboa-y-elecciones-al-parlamento-europeo-25-de-mayo-2014\/o-2\/","title":{"rendered":"O"},"author":16,"comment_status":"open","ping_status":"open","template":"","meta":[],"description":{"rendered":"<p class=\"attachment\"><a href=\"https:\/\/static-blogs.diariosur.es\/wp-content\/uploads\/sites\/12\/2014\/05\/2014-05-22.Entre-Nubes-arranc\u00f3-el-d\u00eda-de-Mi-cumple-en-M\u00e1laga-161.jpg\"><img width=\"542\" height=\"400\" src=\"https:\/\/static-blogs.diariosur.es\/wp-content\/uploads\/sites\/12\/2014\/05\/2014-05-22.Entre-Nubes-arranc\u00f3-el-d\u00eda-de-Mi-cumple-en-M\u00e1laga-161-542x400.jpg\" class=\"attachment-medium size-medium\" alt=\"\" loading=\"lazy\" srcset=\"https:\/\/static-blogs.diariosur.es\/wp-content\/uploads\/sites\/12\/2014\/05\/2014-05-22.Entre-Nubes-arranc\u00f3-el-d\u00eda-de-Mi-cumple-en-M\u00e1laga-161-542x400.jpg 542w, https:\/\/static-blogs.diariosur.es\/wp-content\/uploads\/sites\/12\/2014\/05\/2014-05-22.Entre-Nubes-arranc\u00f3-el-d\u00eda-de-Mi-cumple-en-M\u00e1laga-161.jpg 640w\" sizes=\"(max-width: 542px) 100vw, 542px\" \/><\/a><\/p>\n<p>OLYMPUS DIGITAL CAMERA<\/p>\n"},"caption":{"rendered":"<p>OLYMPUS DIGITAL CAMERA<\/p>\n"},"alt_text":"","media_type":"image","mime_type":"image\/jpeg","media_details":{"width":640,"height":472,"file":"2014\/05\/2014-05-22.Entre-Nubes-arranc\u00f3-el-d\u00eda-de-Mi-cumple-en-M\u00e1laga-161.jpg","sizes":{"thumbnail":{"file":"2014-05-22.Entre-Nubes-arranc\u00f3-el-d\u00eda-de-Mi-cumple-en-M\u00e1laga-161-150x150.jpg","width":150,"height":150,"mime_type":"image\/jpeg","source_url":"https:\/\/blogs.diariosur.es\/tormentas-y-rayos\/wp-content\/uploads\/sites\/12\/2014\/05\/2014-05-22.Entre-Nubes-arranc\u00f3-el-d\u00eda-de-Mi-cumple-en-M\u00e1laga-161-150x150.jpg"},"medium":{"file":"2014-05-22.Entre-Nubes-arranc\u00f3-el-d\u00eda-de-Mi-cumple-en-M\u00e1laga-161-542x400.jpg","width":542,"height":400,"mime_type":"image\/jpeg","source_url":"https:\/\/blogs.diariosur.es\/tormentas-y-rayos\/wp-content\/uploads\/sites\/12\/2014\/05\/2014-05-22.Entre-Nubes-arranc\u00f3-el-d\u00eda-de-Mi-cumple-en-M\u00e1laga-161-542x400.jpg"},"large":{"file":"2014-05-22.Entre-Nubes-arranc\u00f3-el-d\u00eda-de-Mi-cumple-en-M\u00e1laga-161-542x400.jpg","width":542,"height":400,"mime_type":"image\/jpeg","source_url":"https:\/\/blogs.diariosur.es\/tormentas-y-rayos\/wp-content\/uploads\/sites\/12\/2014\/05\/2014-05-22.Entre-Nubes-arranc\u00f3-el-d\u00eda-de-Mi-cumple-en-M\u00e1laga-161-542x400.jpg"},"full":{"file":"2014-05-22.Entre-Nubes-arranc\u00f3-el-d\u00eda-de-Mi-cumple-en-M\u00e1laga-161.jpg","width":640,"height":472,"mime_type":"image\/jpeg","source_url":"https:\/\/blogs.diariosur.es\/tormentas-y-rayos\/wp-content\/uploads\/sites\/12\/2014\/05\/2014-05-22.Entre-Nubes-arranc\u00f3-el-d\u00eda-de-Mi-cumple-en-M\u00e1laga-161.jpg"}},"image_meta":{"aperture":"4.5","credit":"","camera":"TG-320","caption":"OLYMPUS DIGITAL CAMERA","created_timestamp":"1400751821","copyright":"","focal_length":"5","iso":"80","shutter_speed":"0.0015625","title":"OLYMPUS DIGITAL CAMERA","orientation":"1","keywords":[]}},"post":8570,"source_url":"https:\/\/blogs.diariosur.es\/tormentas-y-rayos\/wp-content\/uploads\/sites\/12\/2014\/05\/2014-05-22.Entre-Nubes-arranc\u00f3-el-d\u00eda-de-Mi-cumple-en-M\u00e1laga-161.jpg","_links":{"self":[{"href":"https:\/\/blogs.diariosur.es\/tormentas-y-rayos\/wp-json\/wp\/v2\/media\/8578"}],"collection":[{"href":"https:\/\/blogs.diariosur.es\/tormentas-y-rayos\/wp-json\/wp\/v2\/media"}],"about":[{"href":"https:\/\/blogs.diariosur.es\/tormentas-y-rayos\/wp-json\/wp\/v2\/types\/attachment"}],"author":[{"embeddable":true,"href":"https:\/\/blogs.diariosur.es\/tormentas-y-rayos\/wp-json\/wp\/v2\/users\/16"}],"replies":[{"embeddable":true,"href":"https:\/\/blogs.diariosur.es\/tormentas-y-rayos\/wp-json\/wp\/v2\/comments?post=8578"}]}}

http://blogs.diariosur.es/tormentas-y-rayos/wp-content/uploads/sites/12/2014/05/2014-05-22.Entre-Nubes-arrancó-el-día-de-Mi-cumple-en-Málaga-161.jpg

<p class="attachment"><a href="https://static-blogs.diariosur.es/wp-content/uploads/sites/12/2014/05/2014-05-22.Entre-Nubes-arrancó-el-día-de-Mi-cumple-en-Málaga-161.jpg"><img width="542" height="400" src="https://static-blogs.diariosur.es/wp-content/uploads/sites/12/2014/05/2014-05-22.Entre-Nubes-arrancó-el-día-de-Mi-cumple-en-Málaga-161-542x400.jpg" class="attachment-medium size-medium" alt="" loading="lazy" srcset="https://static-blogs.diariosur.es/wp-content/uploads/sites/12/2014/05/2014-05-22.Entre-Nubes-arrancó-el-día-de-Mi-cumple-en-Málaga-161-542x400.jpg 542w, https://static-blogs.diariosur.es/wp-content/uploads/sites/12/2014/05/2014-05-22.Entre-Nubes-arrancó-el-día-de-Mi-cumple-en-Málaga-161.jpg 640w" sizes="(max-width: 542px) 100vw, 542px" /></a></p>
<p>OLYMPUS DIGITAL CAMERA</p>

2014/05/2014-05-22.Entre-Nubes-arrancó-el-día-de-Mi-cumple-en-Málaga-161.jpg

2014-05-22.Entre-Nubes-arrancó-el-día-de-Mi-cumple-en-Málaga-161-150x150.jpg

https://blogs.diariosur.es/tormentas-y-rayos/wp-content/uploads/sites/12/2014/05/2014-05-22.Entre-Nubes-arrancó-el-día-de-Mi-cumple-en-Málaga-161-150x150.jpg

2014-05-22.Entre-Nubes-arrancó-el-día-de-Mi-cumple-en-Málaga-161-542x400.jpg

https://blogs.diariosur.es/tormentas-y-rayos/wp-content/uploads/sites/12/2014/05/2014-05-22.Entre-Nubes-arrancó-el-día-de-Mi-cumple-en-Málaga-161-542x400.jpg

2014-05-22.Entre-Nubes-arrancó-el-día-de-Mi-cumple-en-Málaga-161.jpg

https://blogs.diariosur.es/tormentas-y-rayos/wp-content/uploads/sites/12/2014/05/2014-05-22.Entre-Nubes-arrancó-el-día-de-Mi-cumple-en-Málaga-161.jpg
